e 5) to base 7
2615122
Convert -454146 (base 7) to base 8.
-235460
Convert 13add (base 15) to base 14.
1906c
What is -263125 (base 7) in base 2?
-1011111111011101
2076346 (base 8) to base 6
15531142
What is 113321130330 (base 4) in base 8?
27713474
Convert -511501 (base 7) to base 4.
-111033301
10e3f (base 16) to base 14
1b2d9
-1221100121 (base 3) to base 6
-452411
What is 5b98 (base 15) in base 16?
4c25
Convert 531312 (base 7) to base 12.
45109
2ac3c (base 15) to base 12
67879
What is -31122101 (base 5) in base 8?
-761273
-1013220101 (base 4) to base 16
-47a11
Convert -43100 (base 10) to base 8.
-124134
Convert -33137 (base 11) to base 9.
-72848
Convert 760537 (base 9) to base 13.
12b347
What is -342683 (base 9) in base 7?
-1513602
Convert -358a41 (base 15) to base 8.
-11611061
-143253555 (base 6) to base 15
-3d7a68
-623657 (base 12) to base 11
-962507
3b6873 (base 12) to base 6
33045423
Convert -11000111100001111110111 (base 2) to base 11.
-37662a7
-399a2 (base 11) to base 13
-1ccb7
Convert -971289 (base 10) to base 4.
-3231020121
1bee6 (base 16) to base 13
400c6
What is -10101000000100010111 (base 2) in base 14?
-13cc3d
What is -4027000 (base 8) in base 16?
-102e00
-250510343 (base 6) to base 14
-8ccdb9
-14ccb7 (base 16) to base 2
-101001100110010110111
-1199995 (base 12) to base 15
-47dbbb
Convert -1002202 (base 4) to base 12.
-256a
What is -1c782a (base 15) in base 4?
-11103323110
Convert -145637 (base 14) to base 3.
-1022220001012
Convert -1054225 (base 7) to base 14.
-35b15
-110000100011001100010 (base 2) to base 6
-54033110
-1447177 (base 10) to base 11
-8a9316
What is -7a48 (base 16) in base 9?
-46842
Convert 115061156 (base 7) to base 9.
14470705
-f77e0 (base 16) to base 14
-1c5612
What is 1401647 (base 14) in base 13?
201127a
Convert 282520 (base 9) to base 11.
108639
Convert -2560034 (base 7) to base 13.
-b8bc2
What is 32ba2 (base 15) in base 16?
275e4
What is 5d71d2 (base 16) in base 2?
10111010111000111010010
Convert 96865 (base 13) to base 2.
1000010010100110010
What is 48695 (base 13) in base 11?
9098a
-320e67 (base 15) to base 7
-26152264
1131103 (base 7) to base 15
2c154
Convert -15744686 (base 10) to base 14.
-213bc06
Convert 103091 (base 13) to base 8.
1342222
Convert -1240311100 (base 5) to base 12.
-1035141
-2101211120112 (base 3) to base 14
-25310d
Convert -1712a (base 12) to base 14.
-c05c
-828229 (base 12) to base 15
-2a6483
Convert 335cc (base 13) to base 12.
45b9b
What is 27544e (base 15) in base 9?
3501832
What is -2931c3 (base 14) in base 9?
-2618518
What is -1052355 (base 6) in base 2?
-1101000111001111
What is 5ac6b (base 16) in base 10?
371819
What is 9a112 (base 11) in base 15?
2d05d
-154569 (base 10) to base 3
-21212000210
What is 18114584 (base 10) in base 3?
1021002022112112
87877 (base 9) to base 7
331666
-105b36 (base 13) to base 11
-242707
What is 1e71f (base 16) in base 2?
11110011100011111
What is 313020003 (base 4) in base 8?
671003
What is -898937 (base 10) in base 16?
-db779
Convert -2dd6 (base 16) to base 6.
-130154
3b5b67 (base 13) to base 12
595a97
What is 10211110212 (base 3) in base 10?
75434
What is -f9814 (base 16) in base 15?
-152c17
Convert 211341233 (base 5) to base 15.
127c7d
204493 (base 12) to base 4
1323112233
Convert 2010351 (base 8) to base 3.
222212010102
-16114410 (base 7) to base 15
-2094d0
Convert 210243441 (base 5) to base 13.
2454a0
Convert 1101110111111011 (base 2) to base 4.
31313323
10312 (base 10) to base 11
7825
What is 2855378 (base 9) in base 4?
11333303012
-10212312133 (base 4) to base 2
-100100110110110011111
23110343 (base 8) to base 7
60436143
Convert -4383a6 (base 16) to base 13.
-bbbc1c
-1718911 (base 12) to base 8
-22130035
What is -17cba9 (base 13) in base 5?
-123141312
What is c0848d (base 14) in base 5?
3124223444
-5634461 (base 7) to base 5
-134313101
Convert b599a3 (base 13) to base 12.
150a71b
Convert -15f70e (base 16) to base 10.
-1439502
10205122 (base 6) to base 2
1001000011010101010
212151 (base 7) to base 6
442150
Convert c8a30b (base 14) to base 9.
13687086
1001220102021220 (base 3) to base 10
15360972
What is -4505532 (base 6) in base 5?
-24224114
Convert 100110101100111101100100 (base 2) to base 10.
10145636
1000032 (base 8) to base 12
107876
What is 5ddc1 (base 14) in base 2?
111000010001000101
Convert 414123403 (base 5) to base 2.
110100000111111001010
What is -c3b17 (base 16) in base 15?
-10c774
Convert -71273b (base 14) to base 11.
-2172645
229404a (base 12) to base 15
8b9451
-673320 (base 8) to base 7
-1633610
What is -2d7583 (base 15) in base 16?
-219894
-32586 (base 12) to base 7
-364560
-14470 (base 10) to base 2
-11100010000110
Convert 2062545 (base 7) to base 12.
101090
31466 (base 11) to base 13
17b0b
Convert 9b727 (base 12) to base 6.
4232451
What is -35c74 (base 15) in base 13?
-6011b
-34 (base 11) to base 12
-31
What is -312283 (base 9) in base 3?
-100102022210
What is -4402102 (base 9) in base 15?
-31a46b
What is -20002120111 (base 3) in base 6?
-2323234
What is 2186d (base 16) in base 9?
228333
Convert -2771604 (base 8) to base 3.
-1110210101202
What is 360c14 (base 15) in base 10?
2584594
What is 3122332 (base 5) in base 12?
25a34
Convert -101110011010111001 (base 2) to base 14.
-4d413
-a037b (base 14) to base 9
-645828
Convert -4471714 (base 10) to base 2.
-10001000011101110100010
Convert 1287815 (base 10) to base 8.
4723207
Convert -556634 (base 7) to base 15.
-1e262
What is -9b3818 (base 16) in base 9?
-21123861
Convert 87bbc (base 14) to base 8.
1202232
100112022021 (base 3) to base 11
118a24
Convert aba5a (base 12) to base 3.
102120120221
-41130021 (base 6) to base 4
-10133213131
Convert 23333 (base 8) to base 5.
304242
Convert 741724 (base 10) to base 3.
1101200110021
-14452562 (base 7) to base 9
-2524222
32203032212 (base 4) to base 9
7153222
Convert 132302200 (base 4) to base 8.
366240
-12050 (base 12) to base 11
-17248
What is -139665 (base 13) in base 2?
-1110100101010010110
What is -527701 (base 11) in base 14?
-17db9c
Convert -17245010 (base 8) to base 11.
-22a3849
Convert -16230775 (base 9) to base 14.
-111179d
Convert -606375 (base 15) to base 10.
-4577285
Convert -985c (base 15) to base 3.
-1122020220
-101101200020 (base 3) to base 10
-204612
What is 1278303 (base 9) in base 15?
dcce9
-62314 (base 9) to base 6
-514104
-20588 (base 12) to base 3
-2011000112
-a8da3 (base 14) to base 7
-3321563
a8d2a (base 16) to base 6
22453214
Convert 4e20 (base 16) to base 7.
112211
Convert -34da7 (base 15) to base 3.
-22120002011
-1002123 (base 4) to base 5
-114001
32202130 (base 4) to base 2
1110100010011100
What is -100120101202 (base 3) in base 14?
-4c912
What is 53882 (base 10) in base 8?
151172
What is -1145101000 (base 6) in base 3?
-220200110222000
-149491 (base 10) to base 4
-210133303
Convert -3a9c9 (base 13) to base 11.
-7516a
Convert -73828 (base 12) to base 10.
-151520
Convert -42c54a (base 14) to base 9.
-4227016
Convert -10301322013 (base 4) to base 12.
-505147
-1162135 (base 7) to base 9
-247217
-1001110101111010100 (base 2) to base 9
-541361
-123230200011 (base 4) to base 15
-986260
101020120001201 (base 3) to base 12
19a6201
-302350205 (base 6) to base 5
-2310141140
Convert 5768b0 (base 12) to base 2.
101010110000010000100
Convert 304242044 (base 5) to base 2.
100101111100100000111
Convert 27db0 (base 14) to base 7.
560610
Convert -2247404 (base 9) to base 5.
-302301110
What is 463072 (base 8) in base 3?
21222200210
4013334 (base 9) to base 16
209302
-14812673 (base 9) to base 4
-130030020000
Convert -1e198 (base 15) to base 2.
-10111111111000011
-3159a4 (base 11) to base 14
-d23c0
Convert -2445513 (base 6) to base 7.
-1053354
What is -134530 (base 7) in base 13?
-b89c
-3512443 (base 11) to base 14
-b5ab24
-110002101000 (base 3) to base 16
-3a164
Convert -1703293 (base 11) to base 16.
-2c4cd7
Convert -22222022312 (base 4) to base 11.
-1639331
37f97 (base 16) to base 7
1643300
-ca5a2 (base 13) to base 10
-365679
2a89146 (base 11) to base 10
5282910
-4a1ad (base 15) to base 6
-5023314
What is -240998 (base 10) in base 6?
-5055422
What is 35146551 (base 7) in base 14?
5a5328
-3718139 (base 11) to base 13
-1455a25
3449a95 (base 12) to base 6
555251105
-43401602 (base 8) to base 14
-1343aa6
Convert 65148 (base 10) to b